7, 101, 1439
What are the prime factors of 2647151787?
3, 7, 17, 7414991
What are the prime factors of 62231138?
2, 773, 40253
List the prime factors of 16097363.
137, 117499
List the prime factors of 3370197623.
13, 17, 15249763
What are the prime factors of 4434451037?
17, 23, 1033, 10979
List the prime factors of 1933938115.
5, 43, 71, 126691
What are the prime factors of 344166551?
19, 18114029
What are the prime factors of 3014434561?
3014434561
What are the prime factors of 1147456385?
5, 443, 701, 739
List the prime factors of 167393697.
3, 2879, 19381
What are the prime factors of 94609059?
3, 31536353
What are the prime factors of 47386028?
2, 53, 83, 2693
List the prime factors of 201967603.
43, 1847, 2543
List the prime factors of 1947804979.
23, 1723, 2137
List the prime factors of 404830902.
2, 3, 7, 9638831
What are the prime factors of 84461099?
19, 4445321
List the prime factors of 67166812.
2, 16791703
List the prime factors of 7508465711.
97, 77406863
List the prime factors of 4062602231.
1759, 2309609
List the prime factors of 230700873.
3, 13, 373, 15859
What are the prime factors of 148892?
2, 37223
What are the prime factors of 262890247?
89, 2953823
What are the prime factors of 1011311014?
2, 7, 72236501
What are the prime factors of 391573453?
109, 463, 7759
List the prime factors of 188899976.
2, 19, 1242763
List the prime factors of 321874949.
11, 23, 1272233
What are the prime factors of 1692471779?
61, 149, 186211
What are the prime factors of 30390801?
3, 7, 37, 39113
What are the prime factors of 121673049?
3, 40557683
List the prime factors of 875232918.
2, 3, 7, 1303, 1777
What are the prime factors of 592025979?
3, 109, 1810477
What are the prime factors of 307878403?
7, 547, 80407
What are the prime factors of 87476863?
87476863
List the prime factors of 21196687.
21196687
List the prime factors of 34267338.
2, 3, 7, 31, 283
What are the prime factors of 2646685302?
2, 3, 23, 19178879
List the prime factors of 4118710151.
43, 73, 311, 4219
What are the prime factors of 5286074555?
5, 229, 857, 5387
What are the prime factors of 637907434?
2, 73, 4369229
List the prime factors of 325801168.
2, 7, 11, 67, 3947
List the prime factors of 33674269.
33674269
What are the prime factors of 447407610?
2, 3, 5, 13, 157, 7307
List the prime factors of 350580777.
3, 151, 773909
What are the prime factors of 374759576?
2, 29, 47, 34369
What are the prime factors of 2758860942?
2, 3, 459810157
What are the prime factors of 2756228686?
2, 1378114343
List the prime factors of 4956255177.
3, 26141, 63199
List the prime factors of 80645107.
23, 241, 14549
List the prime factors of 376051880.
2, 5, 1999, 4703
List the prime factors of 539847184.
2, 3637, 9277
List the prime factors of 4915097642.
2, 7, 13, 159799
List the prime factors of 3464343912.
2, 3, 17, 449, 18911
What are the prime factors of 767719198?
2, 307, 1250357
List the prime factors of 1079770929.
3, 17, 863, 24533
What are the prime factors of 9567667507?
17, 562803971
List the prime factors of 53284034.
2, 191, 139487
List the prime factors of 6897233191.
151, 179, 255179
List the prime factors of 2356231038.
2, 3, 7, 56100739
What are the prime factors of 71843998?
2, 379, 94781
List the prime factors of 297822595.
5, 7, 1997, 4261
List the prime factors of 1024874313.
3, 341624771
List the prime factors of 251443320.
2, 3, 5, 2095361
What are the prime factors of 5482167733?
7, 67, 349, 33493
List the prime factors of 85867516.
2, 7, 1327, 2311
List the prime factors of 426188874.
2, 3, 4663, 15233
List the prime factors of 3657897480.
2, 3, 5, 17, 19, 4967
What are the prime factors of 233311300?
2, 5, 53, 44021
List the prime factors of 648755185.
5, 13, 881, 11329
List the prime factors of 57696403.
409, 141067
What are the prime factors of 144651285?
3, 5, 229, 4679
List the prime factors of 15951321.
3, 17, 137, 761
List the prime factors of 2309480640.
2, 3, 5, 267301
What are the prime factors of 33063038?
2, 16531519
What are the prime factors of 339902893?
11, 2551, 12113
List the prime factors of 193558642.
2, 96779321
What are the prime factors of 1284044651?
113, 383, 29669
List the prime factors of 132253958.
2, 47, 881, 1597
What are the prime factors of 766553279?
241, 3180719
What are the prime factors of 741851253?
3, 11, 13, 17, 41, 827
What are the prime factors of 473194635?
3, 5, 181, 174289
List the prime factors of 58586637.
3, 79, 247201
List the prime factors of 1095750985.
5, 7, 1709, 2617
List the prime factors of 650766806.
2, 325383403
List the prime factors of 494142745.
5, 29, 3407881
What are the prime factors of 175618639?
7, 23, 1090799
What are the prime factors of 7494592761?
3, 107, 1669, 4663
What are the prime factors of 2330689146?
2, 3, 388448191
What are the prime factors of 355832579?
355832579
List the prime factors of 13109585.
5, 2621917
What are the prime factors of 36078359?
19, 1898861
List the prime factors of 79441578.
2, 3, 17, 89, 2917
What are the prime factors of 117354814?
2, 58677407
What are the prime factors of 5809862?
2, 269, 10799
List the prime factors of 19170757.
19170757
List the prime factors of 379248867.
3, 53, 795071
What are the prime factors of 1020091092?
2, 3, 3413, 24907
List the prime factors of 2463341476.
2, 615835369
What are the prime factors of 46778846?
2, 1759, 13297
List the prime factors of 3194434337.
19, 613, 274271
What are the prime factors of 76170625?
5, 17, 67, 107
What are the prime factors of 722725789?
722725789
What are the prime factors of 306638855?
5, 317, 193463
List the prime factors of 3512426066.
2, 17, 97, 1065017
List the prime factors of 4844793054.
2, 3, 807465509
List the prime factors of 45080336.
2, 7, 402503
What are the prime factors of 69604356?
2, 3, 107, 151, 359
What are the prime factors of 210143434?
2, 227, 462871
What are the prime factors of 680379191?
47, 491, 29483
List the prime factors of 490464589.
67, 73, 100279
List the prime factors of 561342493.
561342493
What are the prime factors of 5260301809?
7, 239, 463, 6791
What are the prime factors of 1462878833?
13, 112529141
List the prime factors of 8503846848.
2, 3, 7, 127, 16607
List the prime factors of 1061282124.
2, 3, 7, 199, 21163
List the prime factors of 41036338.
2, 7, 2931167
List the prime factors of 172039277.
1423, 120899
List the prime factors of 97427772.
2, 3, 13, 23131
List the prime factors of 14656683.
3, 149, 32789
List the prime factors of 283556426.
2, 61, 2324233
What are the prime factors of 278104244?
2, 11, 6320551
List the prime factors of 3616141933.
107, 33795719
List the prime factors of 34780541.
29, 1199329
What are the prime factors of 61880877?
3, 127, 54139
What are the prime factors of 317039603?
317039603
What are the prime factors of 1278080111?
7, 11, 17, 929, 1051
What are the prime factors of 80017786?
2, 29, 113, 421
What are the prime factors of 326718951?
3, 13, 31, 270239
What are the prime factors of 1705460161?
1705460161
What are the prime factors of 1842923034?
2, 3, 271, 467, 809
List the prime factors of 73661425.
5, 17, 31, 5591
List the prime factors of 7622196653.
17, 448364509
What are the prime factors of 139387787?
7, 11, 1013, 1787
List the prime factors of 5676540648.
2, 3, 83, 2849669
List the prime factors of 74043091.
74043091
What are the prime factors of 3575486952?
2, 3, 701, 70841
List the prime factors of 56401224.
2, 3, 11, 213641
List the prime factors of 2494492751.
37, 557, 121039
What are the prime factors of 283567362?
2, 3, 13, 19, 191341
List the prime factors of 1664011015.
5, 23, 227, 63743
What are the prime factors of 451721964?
2, 3, 491, 76667
What are the prime factors of 393588946?
2, 97, 2028809
List the prime factors of 5662227713.
83, 68219611
List the prime factors of 3236744104.
2, 11, 17, 463, 4673
What are the prime factors of 1559138141?
11, 1049, 135119
List the prime factors of 319105294.
2, 159552647
What are the prime factors of 66284936?
2, 8285617
List the prime factors of 34271761.
53, 646637
List the prime factors of 1666385068.
2, 61, 6829447
What are the prime factors of 147112865?
5, 239, 307, 401
What are the prime factors of 78506506?
2, 13, 3019481
List the prime factors of 5